 = 6. Let u(r) = -r + 1. Let i(w) = j*c(w) + 7*u(w). Suppose 0 = s + 4*s - 30. Determine i(s).
-3
Let i(c) be the first derivative of -c**4/4 - c**3 + 5*c**2/2 - c - 4. Let r = 20 + -24. Calculate i(r).
-5
Let l(x) = x**2 - 5*x - 2. Let z(o) = o**2 - 3*o + 3. Let w be -9*2/(-12)*2. Let i be z(w). Let h = 8 - i. Give l(h).
-2
Suppose 25 = 2*m - 7*m. Let f(y) = -2*y - 6. Let s(x) = 2*x + 5. Let k(w) = 2*f(w) + 3*s(w). What is k(m)?
-7
Suppose 4*r = -6*r + 3*r. Let u(h) be the third derivative of 1/12*h**4 + 2*h**2 + 1/3*h**3 - 1/120*h**6 - 1/30*h**5 + r*h + 0. What is u(-3)?
5
Let j(a) = -a + 7. Let p be j(-5). Suppose 4*l + 0 = p. Let f(m) = 3*m + 0 - 2*m + l. Determine f(4).
7
Suppose -6 - 10 = 4*r, 5*x = -4*r - 6. Let g(p) be the second derivative of 0 + 2*p**x - 2*p + 1/6*p**3 + 1/12*p**4. What is g(0)?
4
Let g(w) be the third derivative of 1/60*w**5 + 0 + 0*w + 1/6*w**3 - 1/12*w**4 + w**2. Let h = 0 - -2. Calculate g(h).
1
Let r = 2/137 + 113/1644. Let f(w) be the third derivative of 1/6*w**3 + w**2 - r*w**4 + 0*w - 1/60*w**5 + 0. Give f(-3).
-2
Let g(h) = -h**2 + 7*h + 4. Suppose 0 = -5*o - 5*o + 70. Give g(o).
4
Let s = 12 + -20. Let z = -5 - s. Let l(p) = 3 - p**z + 0 - 4*p**2 - 3*p + 6*p**2. What is l(2)?
-3
Suppose 5*a - 3*p = 2, a - 3*p - 4 = -3*a. Let o be ((-20)/(-8))/(a/4). Let g(j) = j**3 + 4*j**2 - 4*j - 3. Determine g(o).
-8
Let d(z) = -22*z + 1. Suppose -13*o + 19 = 6*o. Give d(o).
-21
Suppose -4*l + 2 = 2*c - 14, -53 = -4*c - l. Suppose 2*o + 20 = 4*u - c, -2*u + 4*o = -32. Let x(r) = -2*r + 3. Determine x(u).
-9
Let n be (-1)/(-2)*-2*-5. Let m = n - 5. Suppose z + 2 = -m. Let d(t) = 5*t + 2. Give d(z).
-8
Let v(b) = -6*b**2 + 3 - 4 + 5*b**2 - 7*b. Determine v(-5).
9
Let r(u) = 11*u**2 - 25*u**2 - 4*u + 13*u**2 + 4 + 2*u. Suppose -3*l + 6*l = -12, -l - 12 = -4*z. Suppose -2*v - z = 4. Determine r(v).
1
Let j be -2 + 0/(3/1). Let q(h) = -2*h**3 - 2*h**2 + 3*h + 2. What is q(j)?
4
Let h(b) = -b + 13. Let r be h(13). Suppose l + r*l + 2 = 0. Let d(z) = 5*z + 2. Calculate d(l).
-8
Let y(s) = s**2 - 2*s - 4. Let p be (-120)/(-28) + (-4)/14. Determine y(p).
4
Let c(u) = u**2 + 5*u - 7. Let v(s) = s - 2. Let x be v(4). Let b = 0 - -15. Suppose -x*n - b = n. Give c(n).
-7
Let v(y) = 2*y + 1. Let z(q) = -q - 1. Let u(j) = v(j) + 4*z(j). Let i be u(-3). Let t(k) = -k - 2. Calculate t(i).
-5
Let b(x) be the second derivative of x**3/3 + 3*x. Give b(1).
2
Let f(l) be the first derivative of -l**4/12 - l**3/2 + 3*l**2/2 + l - 1. Let c(m) be the first derivative of f(m). Suppose 7*t = 10*t + 12. Give c(t).
-1
Let q be 4 - (3 + 16/(-4)). Let d(n) = -n**2 + 6*n + 3. Calculate d(q).
8
Let f(m) = 4*m - 9. Let u(d) = d - 1. Let h(z) = -f(z) + 3*u(z). Let v be 5 + -1*(-2)/2. Determine h(v).
0
Let u(g) = g**3 + g + 48 - 51 + 5*g - 6*g**2. Give u(5).
2
Let g(t) = 3*t + 1. Let v(c) = 6*c + 1. Let o(b) = -7*g(b) + 4*v(b). Calculate o(4).
9
Let s(w) = w + 3. Let x = 3 - -1. Suppose -c + x = -0*c. Determine s(c).
7
Let s = -128 + 128. Let a(w) = w**3 - w**2 + w + 3. What is a(s)?
3
Let h(w) = -w + 2. Let l be 2/7 + 108/63. Determine h(l).
0
Suppose -4*i = -i + 6. Let f(g) = -4*g - 3. Determine f(i).
5
Let v(y) = -y - 4. Let b(p) = -2*p. Let w(j) = -4*b(j) + v(j). What is w(3)?
17
Let y(s) = s**3 + 4*s**2 - s + 1. Suppose 3*o = 4*v + 31, 3*v - 4 = -3*o - 1. Calculate y(v).
5
Let k(f) = -2*f + f + 16*f**2 - 3*f**2 - 12*f**2. Determine k(0).
0
Let m(j) = -3*j**2 - 11*j + 1. Let c(f) = 7*f**2 + 23*f - 2. Let n(g) = -4*c(g) - 9*m(g). Determine n(5).
9
Let f(j) = -j**2 + 5*j + 2. Let a(w) = -w**2 + 5*w + 3. Let l = 7 - 9. Let y(i) = l*a(i) + 3*f(i). Suppose v + 4*p + 0*p = 13, 2*v + 3*p = 16. Give y(v).
0
Let v be (-3 + (-10)/(-4))*-4. Suppose -v = -3*s + d, s + 4 = -0*s + 5*d. Let g(t) = 6*t + 1. Determine g(s).
7
Let h(t) = -2*t**3 - 4*t - 3. Let v(b) = -b**3 + b**2 - 4*b - 4. Let p(j) = 2*h(j) - 3*v(j). Let c be 0 - 3 - (-4)/(-4). What is p(c)?
6
Let a = 16 - 15. Let g(c) = 3*c + 1. Give g(a).
4
Let y(w) = 2*w - 4. Let l be y(3). Let g(h) = -l*h - h**2 + 3 + h**3 + 0*h - 2*h**3 + 3*h**2. Determine g(2).
-1
Let v(d) be the first derivative of d**5/24 - d**4/6 + d**3 + 2. Let r(y) be the third derivative of v(y). Suppose 0 = -10*q + 3*q + 21. Give r(q).
11
Let n(w) = 0*w**2 + 4*w**2 - 7 + 3*w - 3*w**2. Suppose -4*m + 4 = -j, m + 2*j = 4 + 6. Suppose -4*t - 3*r - 30 = -t, -10 = 4*t - m*r. Determine n(t).
3
Let k(t) = -t - 4. Let c be (-9)/3 + (-5)/(-1). Suppose 14 = 5*q - z, -3*q + c*z + 13 = 2*q. What is k(q)?
-7
Let t(w) be the third derivative of -w**4/24 + w**3/6 + 3*w**2. Let i be t(1). Let n(m) = -m - 4. Calculate n(i).
-4
Suppose 3 = 3*q - 0. Let x = 1 + q. Suppose -2*a + 5*a = -2*h - x, 2*h - 2*a + 12 = 0. Let f(b) = b**2 + 4*b - 3. Calculate f(h).
-3
Let n be (-3)/(-3) + 3 + -2. Let a = 2 + n. Let j(s) be the first derivative of s**3/3 - 5*s**2/2 - 3. Determine j(a).
-4
Let b(c) = -c**2 - 6*c + 3. Let r(g) = 19 + 2*g - 21 - g. Let x be r(-4). Determine b(x).
3
Let h(p) = -2*p - 4. Let f be -3*7/3 - -3. Calculate h(f).
4
Let t(z) = z**3 - 5*z**2 + 4*z - 5. Suppose -3*f + 1 = 4*s, -2*s - 12 = f + 3*f. What is t(s)?
-5
Let z = 26 - 24. Let o(v) = -v. Calculate o(z).
-2
Let c(w) = -w**2 - 4*w - 2. Let z be c(-5). Let m(j) = 3*j - 4. Let l(y) = 6*y - 7. Let d(g) = z*m(g) + 4*l(g). Suppose -5*h - 6 - 4 = 0. Determine d(h).
-6
Let d(v) = -6*v + 15. Let c(j) = 3*j - 7. Let g(k) = -7*c(k) - 3*d(k). What is g(-5)?
19
Suppose -5*d = 4*o + 2, 4*o + d - 4*d = 14. Let f(s) be the first derivative of 2*s**2 - 2*s - 2. Calculate f(o).
6
Let q(d) = -7*d + 1. Suppose -22*z - 9 = -13*z. What is q(z)?
8
Let x(t) = -t**2 + t + 9. Let n be x(4). Let v(c) = -c**3 - 2*c**2 + 2*c - 3. Determine v(n).
0
Let r(l) = -8*l + 9*l + 0 - 5. What is r(-5)?
-10
Suppose b = h + 3*h + 21, h + 2*b + 3 = 0. Let k(i) be the first derivative of i**3/3 + 2*i**2 - 6*i + 13. Determine k(h).
-1
Let t be -15*((-2)/5 - (-22)/30). Let i(q) = -q + 2*q + 5*q**2 + 0*q. Let o(a) = -a**2 + a. Let b(m) = i(m) + 4*o(m). Calculate b(t).
0
Let l(n) = n**3 - 7*n**2 - 3. Suppose -31 = -3*b + 5*x, 0 = -b + 2*x + x + 13. Determine l(b).
-3
Let p(i) = -i + 2. Let g(n) = n**2 - 2*n + 3. Let c(r) = -3*g(r) + 4*p(r). Determine c(1).
-2
Let g(p) = -p - 17. Let z be g(-22). Let a(f) = 5*f**2 - 3*f - 11. Let b(c) = -c**2 + 1. Let w(l) = -a(l) - 4*b(l). Give w(z).
-3
Let t(p) = 4*p**3 - 7 + p**2 + 0*p**2 + 5*p - 4*p. Let w(y) = -7*y**3 - 3*y**2 - y + 13. Let m(z) = 5*t(z) + 3*w(z). Give m(-4).
-4
Let z(s) = -s - 10. Let x(h) = 6*h + 49. Let b(p) = 2*x(p) + 11*z(p). Calculate b(6).
-6
Let m(z) = z. Suppose 0 = -3*u + 18 - 12. Calculate m(u).
2
Let v(a) = -6*a - 1. Let n = -68 - -67. What is v(n)?
5
Let m(x) = -x + 2. Let g be 4/10 - (-8)/5. Let v = g + 0. Suppose v*a = -8 - 0. Calculate m(a).
6
Let h(o) = -o**2 - 6*o - 4. Let p(w) = -3*w**2 - 13*w - 8. Suppose 4*c + 2*i + 3*i - 53 = 0, -2*c + 9 = -i. Let f(d) = c*h(d) - 3*p(d). Give f(3).
5
Let x(h) be the second derivative of h**4/12 - h**3 + 5*h**2/2 + 6*h. What is x(4)?
-3
Let l(g) = -4 - 5*g + 3*g + 4*g. Give l(3).
2
Let c = 10 - 7. Suppose -5*t - g = -9, c*t - 5*t + 3*g - 10 = 0. Let k(z) = 0 - 3*z + 10*z - 1 + 0*z. What is k(t)?
6
Suppose 0 = -2*h - 5*b + 3*b + 10, 0 = 2*h - b - 4. Suppose 4*w - 2*w - 2 = -5*s, -3 = -h*w - 2*s. Let l(m) = 4*m**2 - 1. Give l(w).
3
Let l(w) be the second derivative of -w**3/2 + 2*w**2 - 4*w. Give l(-3).
13
Let m(j) = j**3 + 2*j**2 - 2*j + 3. Let n be m(-3). Let q(r) = 3 + 6 + r - 2*r. Calculate q(n).
9
Suppose -5*z + 24 = -1. Let y(k) = 2 + 3*k - 6*k - 8 + z. Suppose v - 15 = -t - 2*v, -2*t - 14 = -5*v. What is y(t)?
-10
Let l(u) = u - 6. Suppose -2*t - c = -2*c + 11, -2*t - 16 = 4*c. Determine l(t).
-12
Let f(q) = 2*q - 6. Let p = 3 - -3. Let k = p - 2. Determine f(k).
2
Let y(i) = 5*i + 2. Let n = 19 - 10. Let l be (-3)/(n/2 - 3). Calculate y(l).
-8
Let u(q) = q**3 + 7*q**2 - q + 10. Let h be ((-28)/(-8))/(2/(-4)). What is u(h)?
17
Let t(n) = n**2 - 5*n + 2. Let p be t(5). Let q(c) = 2*c**3 - c**3 - 3*c**2 + 1 + 2*c + 5*c**p. Let l(k) = -3*k - 17. Let s be l(-5). What is q(s)?
-3
Let m(s) be the first derivative of 3/2*s**2 - 1 + 4*s + 4/3*s**3 + 1/4*s**4. Give m(-3).
4
Let w(b) = -5*b**2 + b. Suppose -y = 2*x - 0*y - 11, -